 x = 2923 - m. Is x/(-22) - 22/(-121) a composite number?
False
Let q(y) = -y - 4. Let t be q(5). Let b = 12 + t. Suppose 6*u - b*u = 165. Is u a prime number?
False
Let x(k) = k**3 - 9*k**2 - 4*k - 9. Let m be (100/(-12))/((-2)/12). Suppose 5*y + 15 = -g, 2*y - 4*y = -4*g + m. Is x(g) composite?
True
Let k(m) = -m**3 - 14*m**2 + 26*m + 54. Suppose -o + 5*y + 39 = -3*o, o + 22 = -5*y. Is k(o) prime?
True
Suppose -2*o = 4*o - 17070. Is o a prime number?
False
Let n(d) = -3*d**3 - 4*d**2 + d + 39. Is n(-6) a composite number?
True
Suppose -14*m = -10*m - 9532. Let p = 3537 - m. Is p composite?
True
Is -134*(-9)/(144/152) composite?
True
Let l = 1 + 1. Let g be (l/(-6))/((-1)/12). Suppose -3*b = -g*r - 2*b + 937, 3*r - 684 = -3*b. Is r a composite number?
False
Suppose 0 = -2*x + 4. Suppose -b - d + 495 = 0, -x*b = -0*b - 4*d - 1008. Suppose 5*h = b + 2327. Is h composite?
True
Let w(k) = 35*k + 5269. Is w(0) a composite number?
True
Let y be (-4)/16*0*-1. Let u(l) = l**2 - l + 121. Is u(y) prime?
False
Let k(o) = -7*o**2 + 2*o + 1. Let i be k(-1). Let j = i - -10. Suppose -q = -j*q + 307. Is q composite?
False
Let b = -119 - 165. Let i = b - -505. Is i a composite number?
True
Let v = 7239 + 2632. Is v a composite number?
False
Let p(w) = 27*w**2 - 19*w + 13. Let g be p(13). Suppose 13*z - g = 4*z. Is z a composite number?
True
Let w = -2182 + 3297. Is w prime?
False
Let u = -41 - 3. Let o be (-8)/u + (-265)/(-55). Suppose -930 = -2*y - 2*b, y - 253 = o*b + 236. Is y composite?
True
Let a(z) = -z**3 + 4*z**2 - 2*z - 2. Let d be a(2). Suppose d*t - 5138 = -5*t. Is t prime?
False
Is (1693*(-2)/3)/((-44)/66) composite?
False
Let b = 37342 + -18725. Is b composite?
False
Let a(p) = 18*p**2 + 18*p - 7. Let w(o) = -4*o + 1. Let d be w(-6). Let b = -20 + d. Is a(b) composite?
True
Let r be -3 - (2 + -1) - -5. Is r*4696/12 + 1/(-3) a composite number?
True
Suppose 0 = -16*g + 40424 + 95048. Is g composite?
False
Let b(k) = 136*k**2 - 2*k - 13. Is b(5) composite?
True
Let j = 5 - 8. Let f be 229/(-3) + 2/j. Let m = f + 139. Is m a prime number?
False
Let i = -1299 - -1786. Is i a prime number?
True
Suppose 7 = -d + 32. Let y = 29 - d. Suppose -y*h + 171 + 593 = 0. Is h a prime number?
True
Suppose -2*r + 453 - 133 = 0. Let w = r - 95. Is w a prime number?
False
Suppose -6*v = -11*v - 2630. Let z = -134 - v. Suppose -y - 7*y = -z. Is y composite?
True
Is (1/(-8))/((-5)/311560) prime?
True
Suppose 749 = 10*i - 1281. Is i composite?
True
Let b(g) = g**2 - 3*g. Let n be b(4). Let w be 203/3 + -2 + 2/6. Suppose -w = -n*s - 10. Is s a prime number?
False
Let v = -2026 - -8973. Suppose 5*o + 20841 = 3*u, 0 = -u - 4*o + 9*o + v. Is u a composite number?
False
Let u = -960 - -979. Is u composite?
False
Let u(r) = -r**2 - 9*r + 25. Let j be u(-11). Suppose 12 = -j*c, -b - 4*c - 295 = -4*b. Suppose 20 + b = m. Is m a prime number?
True
Let u = 717 - -494. Is u a composite number?
True
Let s be 6/(-10) + (-1358)/(-5). Let o = s + 30. Is o a prime number?
False
Let v(i) = -158*i - 3. Let f(s) = 1 + 4*s - 3*s + 0*s. Let c be f(-2). Is v(c) a prime number?
False
Suppose -g + 3831 = -3*o, 0*g - g + 4*o + 3831 = 0. Is g a composite number?
True
Suppose 5*x = -5*s + 53330, 4*x - 7*x = -2*s - 31973. Is x prime?
False
Let a(h) = -h**3 - 7*h**2 + 18*h + 6. Let z be a(-9). Suppose -3*g - 3*o = -z*g + 1953, -5*o + 663 = g. Is g prime?
True
Suppose -4*f = 41 - 65. Suppose 2564 = -f*i + 7490. Is i prime?
True
Let p(n) = -2*n**2 - 4*n**2 - 5*n**3 + 3*n**2 - 1 - 5*n**2 - 3*n. Is p(-3) composite?
False
Let m = -7 + 9. Suppose -2*l - 2*q = -56, m*l + 2*l + 5*q = 107. Is l a composite number?
True
Let r be (30/35)/(4/56). Is 8433/r - (-3)/12 composite?
True
Suppose -6*c + 706 = -4*c. Suppose -c = -6*y + 5*y. Is y prime?
True
Let y = -27 + 23. Is 222 + 2 + (-5 - y) a composite number?
False
Let i(r) = 462*r**2 - 4*r - 4. Let h be i(-3). Suppose t - 1647 = -2*k, 2*k + h + 815 = 3*t. Is t a prime number?
True
Suppose 5*c - 22 = -3*z, -2*c + 30 = 3*c + 5*z. Suppose -x = c*x - 4971. Is x a prime number?
True
Let f(k) = -k**3 + 10*k**2 + 4*k - 24. Is f(-7) prime?
False
Let s(q) be the first derivative of -q**4/4 - q**3 - 5*q**2/2 - q - 6. Let z be s(-2). Suppose 5800 - 14265 = -z*w. Is w a composite number?
False
Is (-3 + 2345)*(-14)/(-4) a prime number?
False
Let y = 29 - 32. Let i(p) = -3*p - 2. Let n be i(y). Suppose -v - 5*l + 127 = 0, n*v - 3*l = 2*v + 635. Is v a composite number?
False
Let q = -1620 + -1512. Is (-34)/(-119) + (-1 - q/14) composite?
False
Suppose 17*s - 8142 = 35701. Is s prime?
True
Let o(w) = 11*w**3 - 4*w**2 - 2*w + 1. Suppose -x - 1 - 2 = 0. Let d be o(x). Is ((-6)/(-12))/((-1)/d) a prime number?
True
Let d = 5580 + -3214. Suppose 0 = -2*y - 484 + d. Is y a prime number?
True
Let f be (26 + -20)*(-2)/(-3). Suppose 5*n - n = 4672. Suppose -2*u = -f*b - 3*u + n, 0 = u + 4. Is b a composite number?
False
Is (107599/5)/(30/150) a prime number?
True
Suppose -3*o + 2*y - 4854 = o, 0 = 5*o - y + 6063. Let k = o - -2363. Is k a prime number?
True
Let o(s) = -s**2 + 7*s - 5. Let t be o(6). Is -2*(t - (-453)/(-6)) composite?
False
Let x = -137 - -286. Let n = x + -31. Suppose -3*c + 0*c = -5*f + 700, 0 = f - 5*c - n. Is f composite?
True
Suppose 35018 = 8*h - 365246. Is h prime?
True
Let y(j) = 2277*j**2 - 4*j + 1. Let u be y(1). Suppose h + 5*h = u. Is h a composite number?
False
Let s(q) = q**2 + q. Let x(z) = -44*z**2 + 6*z + 1. Let u(i) = 4*s(i) - x(i). Is u(2) a prime number?
False
Let i be (10/4)/5 + 7/14. Suppose 0 = f + i, -3*f = -h - 2*f + 2724. Is h prime?
False
Let i = 70 + -66. Suppose i*h = y + 168, 2*h = -3*y - 7 + 105. Is h prime?
True
Suppose 1385 = 2*r - 3*p, -3*p + 787 = 2*r - 592. Is r prime?
True
Suppose -2*v + 0*v - 700 = 0. Let y = 51 - v. Let f = -184 + y. Is f a prime number?
False
Let v(k) = -k**2 + 4*k - 1. Let p be v(5). Let g(h) = 2*h**2 + 0*h**2 + h + h - 7. Is g(p) composite?
False
Let f(a) = 80470*a**3 - 5*a**2 + 2*a + 4. Is f(1) a prime number?
True
Is (-74)/((130/(-2045))/13) a prime number?
False
Let l be 1 - ((-1678)/4)/(10/20). Let z = l + -593. Is z prime?
False
Let w(b) = 21*b**2 - 7*b + 4. Let r = 64 + -71. Is w(r) prime?
False
Let d = -9 + 8. Let l(b) = 315*b**3 - b**2 + 1. Let q be l(d). Let c = -184 - q. Is c a composite number?
False
Is ((-4904)/(-20))/((-8)/(-20)) composite?
False
Suppose 0 = 3*d + 2*d + g - 23, 2*d + 5*g = 0. Let b(r) = 2*r - 6*r + 9*r + 5*r**3 + 2*r**2 + 6 - r. Is b(d) composite?
False
Let g(d) = -3*d - 8*d**2 + 0*d**3 - 7 + 2*d - d**3 - 4. Let h be g(-8). Let o(r) = -139*r + 2. Is o(h) composite?
False
Suppose -b - 4*f = -13109, -2*f - 52360 = -4*b + f. Is b a composite number?
False
Let y be (-4)/18 + 416/(-72). Let t(b) = 5*b**2 + 2*b + 11. Is t(y) prime?
True
Let o be (-1)/(((-8)/18)/(-4)). Let j(m) = -8*m**2 - 1 - 2 + m**3 - 2*m**3 + 11. Is j(o) a prime number?
True
Suppose 36510 = 5*p - 2895. Let y = 5472 - p. Is (-3)/(-12) + y/(-12) a composite number?
True
Let o be -2*(-1)/(-2)*-5. Let s(i) = 40*i - 11. Let f be s(4). Suppose -118 = -l - o*h, 3*l + 3*h - f = 241. Is l prime?
False
Let i(d) = 534*d - 27. Is i(5) a composite number?
True
Is -2*((-2237)/2 + 0) + 0 composite?
False
Let z = 523 + -80. Is z composite?
False
Suppose -14*k = -378538 - 487572. Is k a composite number?
True
Suppose -3*a + c + 5101 = 919, 5*c = 15. Suppose a + 1083 = 6*j. Is j composite?
True
Is (-1465)/(-20)*-14*(-16)/28 a prime number?
False
Suppose 0 = -4*z - 4, 5*s = -2*z + 4*z + 37. Let m(k) = -2*k**3 - 2*k - 4 - 3*k**2 + s - k. Is m(-4) a composite number?
True
Suppose 2*g - k - 905 = 0, -2*k - 1119 + 209 = -2*g. Suppose 0 = -2*w + 676 + g. Is w a composite number?
False
Suppose -b + 4*w - 1 = 1, -3*b - 4*w = -42. Suppose -b*c + 7*c + 9429 = 0. Is c prime?
False
Is 58612/((-234)/27 + 10) a composite number?
True
Let c be ((-9)/4)/((-33)/44). Suppose -4*y = -2*y + 4, c*n - 781 = 5*y. Is n a prime number?
True
Let j(c) be the second derivative of c**5/20 - c**4 + c**3 + 8*c**2 - 14*c. Let m be j(14). Suppose t - 1138 = -3*o, 4*o = -4*t + m + 1028. Is o a prime number?
True
Suppose -47*o + 6541848 - 1862951 = 0. Is o a prime number?
True
Is 5/35 + 81/21 - -1069 prime?
False
Let y(f) = 24*f - 127*f + 29 - 44*f. Let r be y(1